when 8802 is divided by 15?
12
What is the remainder when 90 is divided by 13?
12
What is the remainder when 337 is divided by 153?
31
What is the remainder when 1202 is divided by 394?
20
What is the remainder when 148 is divided by 92?
56
What is the remainder when 205 is divided by 102?
1
Calculate the remainder when 202 is divided by 22.
4
What is the remainder when 852 is divided by 95?
92
What is the remainder when 212 is divided by 71?
70
What is the remainder when 37 is divided by 13?
11
Calculate the remainder when 45 is divided by 2.
1
Calculate the remainder when 1075 is divided by 77.
74
Calculate the remainder when 800 is divided by 397.
6
Calculate the remainder when 90 is divided by 12.
6
Calculate the remainder when 32 is divided by 20.
12
What is the remainder when 116 is divided by 40?
36
What is the remainder when 348 is divided by 140?
68
Calculate the remainder when 154 is divided by 36.
10
What is the remainder when 1650 is divided by 57?
54
What is the remainder when 1175 is divided by 31?
28
Calculate the remainder when 580 is divided by 146.
142
Calculate the remainder when 1869 is divided by 12.
9
Calculate the remainder when 526 is divided by 80.
46
What is the remainder when 550 is divided by 24?
22
What is the remainder when 414 is divided by 164?
86
Calculate the remainder when 171 is divided by 30.
21
Calculate the remainder when 818 is divided by 141.
113
What is the remainder when 512 is divided by 83?
14
What is the remainder when 1610 is divided by 524?
38
Calculate the remainder when 344 is divided by 223.
121
Calculate the remainder when 31 is divided by 24.
7
Calculate the remainder when 15910 is divided by 156.
154
What is the remainder when 490 is divided by 243?
4
Calculate the remainder when 1186 is divided by 26.
16
Calculate the remainder when 1202 is divided by 168.
26
What is the remainder when 2085 is divided by 110?
105
What is the remainder when 3265 is divided by 99?
97
Calculate the remainder when 604 is divided by 3.
1
What is the remainder when 2035 is divided by 73?
64
What is the remainder when 17133 is divided by 115?
113
Calculate the remainder when 446 is divided by 177.
92
Calculate the remainder when 240 is divided by 27.
24
Calculate the remainder when 716 is divided by 146.
132
What is the remainder when 8111 is divided by 104?
103
What is the remainder when 775 is divided by 199?
178
Calculate the remainder when 66 is divided by 40.
26
What is the remainder when 613 is divided by 15?
13
Calculate the remainder when 899 is divided by 62.
31
Calculate the remainder when 466 is divided by 67.
64
Calculate the remainder when 3929 is divided by 164.
157
Calculate the remainder when 86 is divided by 8.
6
What is the remainder when 1462 is divided by 30?
22
What is the remainder when 26076 is divided by 13?
11
What is the remainder when 1658 is divided by 1646?
12
What is the remainder when 86 is divided by 49?
37
What is the remainder when 1331 is divided by 664?
3
What is the remainder when 2372 is divided by 140?
132
Calculate the remainder when 1546 is divided by 87.
67
What is the remainder when 139 is divided by 4?
3
Calculate the remainder when 46 is divided by 38.
8
Calculate the remainder when 2771 is divided by 1383.
5
What is the remainder when 710 is divided by 17?
13
Calculate the remainder when 19005 is divided by 24.
21
Calculate the remainder when 47 is divided by 18.
11
Calculate the remainder when 492 is divided by 127.
111
What is the remainder when 516 is divided by 59?
44
Calculate the remainder when 2906 is divided by 371.
309
What is the remainder when 5365 is divided by 893?
7
Calculate the remainder when 212 is divided by 61.
29
Calculate the remainder when 183 is divided by 37.
35
Calculate the remainder when 451 is divided by 19.
14
What is the remainder when 33469 is divided by 16?
13
Calculate the remainder when 425 is divided by 62.
53
What is the remainder when 353 is divided by 23?
8
What is the remainder when 88 is divided by 38?
12
What is the remainder when 1897 is divided by 23?
11
Calculate the remainder when 773 is divided by 146.
43
What is the remainder when 15 is divided by 4?
3
What is the remainder when 103 is divided by 16?
7
What is the remainder when 469 is divided by 47?
46
Calculate the remainder when 33927 is divided by 9.
6
Calculate the remainder when 1053 is divided by 23.
18
What is the remainder when 3723 is divided by 7?
6
What is the remainder when 124 is divided by 42?
40
Calculate the remainder when 70 is divided by 63.
7
What is the remainder when 1018 is divided by 12?
10
What is the remainder when 628 is divided by 312?
4
Calculate the remainder when 82 is divided by 41.
0
What is the remainder when 1707 is divided by 38?
35
What is the remainder when 17 is divided by 2?
1
What is the remainder when 93 is divided by 27?
12
Calculate the remainder when 1152 is divided by 565.
22
What is the remainder when 290 is divided by 279?
11
What is the remainder when 88 is divided by 24?
16
What is the remainder when 2174 is divided by 20?
14
Calculate the remainder when 58 is divided by 22.
14
What is the remainder when 703 is divided by 144?
127
Calculate the remainder when 208 is divided by 64.
16
Calculate the remainder when 1304 is divided by 15.
14
What is the remainder when 288 is divided by 92?
12
Calculate the remainder when 9041 is divided by 65.
6
What is the remainder when 243 is divided by 50?
43
Calculate the remainder when 352 is divided by 98.
58
Calculate the remainder when 1830 is divided by 38.
6
What is the remainder when 164 is divided by 82?
0
What is the remainder when 46 is divided by 24?
22
Calculate the remainder when 2940 is divided by 37.
17
Calculate the remainder when 38 is divided by 6.
2
Calculate the remainder when 599 is divided by 15.
14
What is the remainder when 222 is divided by 32?
30
Calculate the remainder when 1025 is divided by 39.
11
What is the remainder when 219 is divided by 14?
9
What is the remainder when 420 is divided by 39?
30
What is the remainder when 89 is divided by 25?
14
What is the remainder when 1665 is divided by 549?
18
What is the remainder when 320 is divided by 21?
5
Calculate the remainder when 140 is divided by 19.
7
Calculate the remainder when 246 is divided by 56.
22
What is the remainder when 337 is divided by 9?
4
Calculate the remainder when 249 is divided by 42.
39
Calculate the remainder when 102 is divided by 51.
0
What is the remainder when 166 is divided by 12?
10
Calculate the remainder when 2971 is divided by 421.
24
What is the remainder when 1191 is divided by 236?
11
What is the remainder when 346 is divided by 120?
106
What is the remainder when 341 is divided by 66?
11
What is the remainder when 110 is divided by 17?
8
What is the remainder when 7977 is divided by 210?
207
What is the remainder when 1467 is divided by 70?
67
Calculate the remainder when 213 is divided by 104.
5
Calculate the remainder when 976 is divided by 214.
120
Calculate the remainder when 374 is divided by 21.
17
Calculate the remainder when 18 is divided by 15.
3
What is the remainder when 642 is divided by 107?
0
Calculate the remainder when 654 is divided by 66.
60
What is the remainder when 1197 is divided by 24?
21
Calculate the remainder when 179 is divided by 30.
29
Calculate the remainder when 755 is divided by 42.
41
What is the remainder when 5193 is divided by 49?
48
Calculate the remainder when 35 is divided by 6.
5
Calculate the remainder when 336 is divided by 82.
8
What is the remainder when 219 is divided by 54?
3
Calculate the remainder when 19159 is divided by 9.
7
Calculate the remainder when 1005 is divided by 144.
141
Calculate the remainder when 4299 is divided by 86.
85
Calculate the remainder when 307 is divided by 1.
0
Calculate the remainder when 626 is divided by 45.
41
Calculate the remainder when 378 is divided by 10.
8
Calculate the remainder when 13 is divided by 11.
2
What is the remainder when 472 is divided by 70?
52
What is the remainder when 206 is divided by 68?
2
Calculate the remainder when 953 is divided by 37.
28
Calculate the remainder when 587 is divided by 88.
59
Calculate the remainder when 430 is divided by 113.
91
Calculate the rema